{"id":290,"date":"2019-10-13T14:03:28","date_gmt":"2019-10-13T14:03:28","guid":{"rendered":"https:\/\/kursnapsa.kliford.org.pl\/index.php\/booking\/"},"modified":"2025-10-09T20:19:00","modified_gmt":"2025-10-09T20:19:00","slug":"warsztaty","status":"publish","type":"page","link":"https:\/\/kursnapsa.kliford.org.pl\/index.php\/warsztaty\/","title":{"rendered":"Warsztaty"},"content":{"rendered":"\t\t<div data-elementor-type=\"wp-page\" data-elementor-id=\"290\" class=\"elementor elementor-290\">\n\t\t\t\t<div class=\"aux-parallax-section elementor-element elementor-element-6ef3ee5 e-flex e-con-boxed e-con e-parent\" data-id=\"6ef3ee5\" data-element_type=\"container\">\n\t\t\t\t\t<div class=\"e-con-inner\">\n\t\t<div class=\"elementor-element elementor-element-e2835fb e-con-full e-flex e-con e-child\" data-id=\"e2835fb\" data-element_type=\"container\" data-settings=\"{&quot;background_background&quot;:&quot;gradient&quot;}\">\n\t\t<div class=\"elementor-element elementor-element-f068228 e-con-full e-flex e-con e-child\" data-id=\"f068228\" data-element_type=\"container\">\n\t\t\t\t<div class=\"elementor-element elementor-element-f4cd67c aux-appear-watch-animation aux-fade-in-right-1 elementor-widget elementor-widget-aux_text\" data-id=\"f4cd67c\" data-element_type=\"widget\" data-widget_type=\"aux_text.default\">\n\t\t\t\t<div class=\"elementor-widget-container\">\n\t\t\t\t\t<section class=\"widget-container aux-widget-text aux-parent-au2c583041\">        <div class=\"aux-widget-advanced-text aux-wrap-style-simple aux-ico-pos-left aux-text-left aux-text-resp- aux-text-color-dark aux-text-widget-bg-center  \" >\n        \n            \n            <div class=\"aux-text-inner aux-text-widget-content\">\n                                <h4 class=\"col-title\">znajd\u017a warsztaty, kt\u00f3re ciebie interesuj\u0105<\/h4>\n                                <h5 class=\"col-subtitle\">Zapisy na warsztaty<\/h5>\n\n                                <div class=\"widget-content\">\n                                        <p>Zapisz si\u0119 na warsztaty ju\u017c teraz, ale pami\u0119taj \u017ceby robi\u0107 to z g\u0142ow\u0105. Ka\u017cde zg\u0142oszenie zajmuje miejsce, wi\u0119c je\u015bli wiesz \u017ce nie b\u0119dziesz w stanie przyj\u015b\u0107 na warsztaty poinformuj nas wysy\u0142aj\u0105c wiadomo\u015b\u0107 na adres: <strong>kontakt@kliford.org.pl<\/strong><\/p>                <\/div>\n                            <\/div>\n        <\/div>\n                    <div class=\"aux-text-widget-footer\">\n                <div class=\"aux-border-shape-none \">\n                                <\/div>\n            <\/div>\n        \n<\/section><!-- widget-container -->\t\t\t\t<\/div>\n\t\t\t\t<\/div>\n\t\t\t\t<div class=\"elementor-element elementor-element-6be0cc8 elementor-widget elementor-widget-heading\" data-id=\"6be0cc8\" data-element_type=\"widget\" data-widget_type=\"heading.default\">\n\t\t\t\t<div class=\"elementor-widget-container\">\n\t\t\t\t\t<h5 class=\"elementor-heading-title elementor-size-default\">Wybierz warsztat, kt\u00f3ry ci\u0119 interesuje:<\/h5>\t\t\t\t<\/div>\n\t\t\t\t<\/div>\n\t\t\t\t<\/div>\n\t\t\t\t<\/div>\n\t\t\t\t\t<\/div>\n\t\t\t\t<\/div>\n\t\t<div class=\"aux-parallax-section elementor-element elementor-element-616eb62 e-flex e-con-boxed e-con e-parent\" data-id=\"616eb62\" data-element_type=\"container\">\n\t\t\t\t\t<div class=\"e-con-inner\">\n\t\t\t\t<div class=\"elementor-element elementor-element-8b29fbd e-n-tabs-mobile elementor-widget elementor-widget-n-tabs\" data-id=\"8b29fbd\" data-element_type=\"widget\" data-settings=\"{&quot;horizontal_scroll&quot;:&quot;disable&quot;}\" data-widget_type=\"nested-tabs.default\">\n\t\t\t\t<div class=\"elementor-widget-container\">\n\t\t\t\t\t\t\t<div class=\"e-n-tabs\" data-widget-number=\"145924029\" aria-label=\"Tabs. Open items with Enter or Space, close with Escape and navigate using the Arrow keys.\">\n\t\t\t<div class=\"e-n-tabs-heading\" role=\"tablist\">\n\t\t\t\t\t<button id=\"e-n-tab-title-1459240291\" class=\"e-n-tab-title\" aria-selected=\"true\" data-tab-index=\"1\" role=\"tab\" tabindex=\"0\" aria-controls=\"e-n-tab-content-1459240291\" style=\"--n-tabs-title-order: 1;\">\n\t\t\t\t\t\t<span class=\"e-n-tab-title-text\">\n\t\t\t\tSpotkanie na temat Praw zwierz\u0105t\t\t\t<\/span>\n\t\t<\/button>\n\t\t\t\t<button id=\"e-n-tab-title-1459240292\" class=\"e-n-tab-title\" aria-selected=\"false\" data-tab-index=\"2\" role=\"tab\" tabindex=\"-1\" aria-controls=\"e-n-tab-content-1459240292\" style=\"--n-tabs-title-order: 2;\">\n\t\t\t\t\t\t<span class=\"e-n-tab-title-text\">\n\t\t\t\tWarsztaty z pierwszej pomocy \t\t\t<\/span>\n\t\t<\/button>\n\t\t\t\t<button id=\"e-n-tab-title-1459240293\" class=\"e-n-tab-title\" aria-selected=\"false\" data-tab-index=\"3\" role=\"tab\" tabindex=\"-1\" aria-controls=\"e-n-tab-content-1459240293\" style=\"--n-tabs-title-order: 3;\">\n\t\t\t\t\t\t<span class=\"e-n-tab-title-text\">\n\t\t\t\tSpotkanie z behawioryst\u0105\t\t\t<\/span>\n\t\t<\/button>\n\t\t\t\t<button id=\"e-n-tab-title-1459240294\" class=\"e-n-tab-title\" aria-selected=\"false\" data-tab-index=\"4\" role=\"tab\" tabindex=\"-1\" aria-controls=\"e-n-tab-content-1459240294\" style=\"--n-tabs-title-order: 4;\">\n\t\t\t\t\t\t<span class=\"e-n-tab-title-text\">\n\t\t\t\tWarsztaty na temat Pche\u0142 i kleszczy \t\t\t<\/span>\n\t\t<\/button>\n\t\t\t\t\t<\/div>\n\t\t\t<div class=\"e-n-tabs-content\">\n\t\t\t\t<div id=\"e-n-tab-content-1459240291\" role=\"tabpanel\" aria-labelledby=\"e-n-tab-title-1459240291\" data-tab-index=\"1\" style=\"--n-tabs-title-order: 1;\" class=\"e-active elementor-element elementor-element-fc0b929 e-con-full e-flex e-con e-child\" data-id=\"fc0b929\" data-element_type=\"container\">\n\t\t<div class=\"elementor-element elementor-element-648279a e-con-full e-flex e-con e-child\" data-id=\"648279a\" data-element_type=\"container\">\n\t\t\t\t<div class=\"elementor-element elementor-element-c96fb16 elementor-widget elementor-widget-heading\" data-id=\"c96fb16\" data-element_type=\"widget\" data-widget_type=\"heading.default\">\n\t\t\t\t<div class=\"elementor-widget-container\">\n\t\t\t\t\t<h3 class=\"elementor-heading-title elementor-size-default\">\u201ePrzest\u0119pstwa i wykroczenia wobec zwierz\u0105t- jak w\u0142a\u015bciwie reagowa\u0107?\u201d<\/h3>\t\t\t\t<\/div>\n\t\t\t\t<\/div>\n\t\t\t\t<div class=\"elementor-element elementor-element-77400c5 elementor-widget elementor-widget-aux_modern_button\" data-id=\"77400c5\" data-element_type=\"widget\" data-widget_type=\"aux_modern_button.default\">\n\t\t\t\t<div class=\"elementor-widget-container\">\n\t\t\t\t\t    <div class=\"aux-modern-button-wrapper aux-modern-button-align-center\" >\n                    <a class=\"aux-modern-button aux-caution aux-modern-button-xl aux-modern-button-curve aux-modern-button-default aux-icon-\">\n                <div class=\"aux-overlay\"><\/div>\n                                    <div class=\"aux-icon \">\n                                            <\/div>\n                                <div class=\"aux-text\">\n<span class=\"aux-text-before\">Po terminie<\/span>                <\/div>\n            <\/a>\n            \n    <\/div>\n\n    \t\t\t\t<\/div>\n\t\t\t\t<\/div>\n\t\t\t\t<\/div>\n\t\t<div class=\"elementor-element elementor-element-c267e56 e-con-full e-flex e-con e-child\" data-id=\"c267e56\" data-element_type=\"container\">\n\t\t\t\t<div class=\"elementor-element elementor-element-be8e706 elementor-widget elementor-widget-text-editor\" data-id=\"be8e706\" data-element_type=\"widget\" data-widget_type=\"text-editor.default\">\n\t\t\t\t<div class=\"elementor-widget-container\">\n\t\t\t\t\t\t\t\t\t<p><strong>Termin:<\/strong> 10.10.2025 r.<\/p><p><strong>Godzina:<\/strong> 16:30<\/p><p><strong>Miejsce: <\/strong>Spichlerz 57 w Grudzi\u0105dzu<\/p><p><strong>Prowadz\u0105cy:<\/strong> Agata Saja<\/p><p><strong>Temat spotkania: <\/strong>\u201ePrzest\u0119pstwa i wykroczenia wobec zwierz\u0105t- jak w\u0142a\u015bciwie reagowa\u0107?\u201d<\/p><p>Zwykle wiedza o prawach zwierz\u0105t jest ograniczona do \u015brodowisk prawniczych lub organizacji prozwierz\u0119cych. Spotkanie przenosi j\u0105 na poziom edukacji obywatelskiej, czyni\u0105c temat zrozumia\u0142ym i dost\u0119pnym dla ka\u017cdego opiekuna. Temat praw zwierz\u0105t jest rzadko podejmowany w otwartych spotkaniach dla spo\u0142eczno\u015bci.<\/p>\t\t\t\t\t\t\t\t<\/div>\n\t\t\t\t<\/div>\n\t\t\t\t<\/div>\n\t\t\t\t<\/div>\n\t\t<div id=\"e-n-tab-content-1459240292\" role=\"tabpanel\" aria-labelledby=\"e-n-tab-title-1459240292\" data-tab-index=\"2\" style=\"--n-tabs-title-order: 2;\" class=\" elementor-element elementor-element-7b8f321 e-con-full e-flex e-con e-child\" data-id=\"7b8f321\" data-element_type=\"container\">\n\t\t<div class=\"elementor-element elementor-element-358fa62 e-con-full e-flex e-con e-child\" data-id=\"358fa62\" data-element_type=\"container\">\n\t\t\t\t<div class=\"elementor-element elementor-element-4f5195a elementor-widget elementor-widget-heading\" data-id=\"4f5195a\" data-element_type=\"widget\" data-widget_type=\"heading.default\">\n\t\t\t\t<div class=\"elementor-widget-container\">\n\t\t\t\t\t<h3 class=\"elementor-heading-title elementor-size-default\">\u201e\u0141apy w potrzebie\u201d<\/h3>\t\t\t\t<\/div>\n\t\t\t\t<\/div>\n\t\t\t\t<div class=\"elementor-element elementor-element-76ce1e8 elementor-widget elementor-widget-aux_modern_button\" data-id=\"76ce1e8\" data-element_type=\"widget\" data-widget_type=\"aux_modern_button.default\">\n\t\t\t\t<div class=\"elementor-widget-container\">\n\t\t\t\t\t    <div class=\"aux-modern-button-wrapper aux-modern-button-align-center\" >\n                    <a class=\"aux-modern-button aux-black aux-modern-button-xl aux-modern-button-curve aux-modern-button-default aux-icon-\" href=\"https:\/\/zgloszenia24.pl\/f\/lapy-w-potrzebie\">\n                <div class=\"aux-overlay\"><\/div>\n                                    <div class=\"aux-icon \">\n                                            <\/div>\n                                <div class=\"aux-text\">\n<span class=\"aux-text-before\">Zapisz si\u0119!<\/span>                <\/div>\n            <\/a>\n            \n    <\/div>\n\n    \t\t\t\t<\/div>\n\t\t\t\t<\/div>\n\t\t\t\t<\/div>\n\t\t<div class=\"elementor-element elementor-element-0910055 e-con-full e-flex e-con e-child\" data-id=\"0910055\" data-element_type=\"container\">\n\t\t\t\t<div class=\"elementor-element elementor-element-daed1d3 elementor-widget elementor-widget-text-editor\" data-id=\"daed1d3\" data-element_type=\"widget\" data-widget_type=\"text-editor.default\">\n\t\t\t\t<div class=\"elementor-widget-container\">\n\t\t\t\t\t\t\t\t\t<p><strong>Termin:<\/strong> 17.10.2025 r.<\/p><p><strong>Godzina:<\/strong> 16:30<\/p><p><strong>Miejsce:<\/strong> Spichlerz 57 w Grudzi\u0105dzu<\/p><p><strong>Prowadz\u0105cy:<\/strong> Pawe\u0142 Gie\u0142a\u017cyn, Pawe\u0142 Fiszer<\/p><p><strong>Temat spotkania:<\/strong> \u201e\u0141apy w potrzebie\u201d<\/p><p>Te warsztaty \u0142\u0105cz\u0105 teori\u0119 z praktyk\u0105 \u2013 uczestnicy \u0107wicz\u0105 realne<br \/>procedury ratunkowe, co zwi\u0119ksza skuteczno\u015b\u0107 reagowania w nag\u0142ych sytuacjach.<br \/>Wykorzystanie fantom\u00f3w, demonstracji i \u0107wicze\u0144 praktycznych sprawia, \u017ce<br \/>uczestnicy nie tylko s\u0142uchaj\u0105, ale aktywnie ucz\u0105 si\u0119 ratowania \u017cycia swoich pupili. Takie<br \/>do\u015bwiadczenie jest rzadko\u015bci\u0105 w lokalnych projektach edukacyjnych.<\/p>\t\t\t\t\t\t\t\t<\/div>\n\t\t\t\t<\/div>\n\t\t\t\t<\/div>\n\t\t\t\t<\/div>\n\t\t<div id=\"e-n-tab-content-1459240293\" role=\"tabpanel\" aria-labelledby=\"e-n-tab-title-1459240293\" data-tab-index=\"3\" style=\"--n-tabs-title-order: 3;\" class=\" elementor-element elementor-element-7c59eff e-con-full e-flex e-con e-child\" data-id=\"7c59eff\" data-element_type=\"container\">\n\t\t<div class=\"elementor-element elementor-element-e145de1 e-con-full e-flex e-con e-child\" data-id=\"e145de1\" data-element_type=\"container\">\n\t\t\t\t<div class=\"elementor-element elementor-element-8d2e981 elementor-widget elementor-widget-heading\" data-id=\"8d2e981\" data-element_type=\"widget\" data-widget_type=\"heading.default\">\n\t\t\t\t<div class=\"elementor-widget-container\">\n\t\t\t\t\t<h3 class=\"elementor-heading-title elementor-size-default\">\"Obalamy mity \u2013 psychologia zwierz\u0105t w praktyce\u201d<\/h3>\t\t\t\t<\/div>\n\t\t\t\t<\/div>\n\t\t\t\t<div class=\"elementor-element elementor-element-db617af elementor-widget elementor-widget-aux_modern_button\" data-id=\"db617af\" data-element_type=\"widget\" data-widget_type=\"aux_modern_button.default\">\n\t\t\t\t<div class=\"elementor-widget-container\">\n\t\t\t\t\t    <div class=\"aux-modern-button-wrapper aux-modern-button-align-center\" >\n                    <a class=\"aux-modern-button aux-black aux-modern-button-xl aux-modern-button-curve aux-modern-button-default aux-icon-\" href=\"https:\/\/zgloszenia24.pl\/f\/obalamy-mity-psychologia-zwierzat-w-praktyce\">\n                <div class=\"aux-overlay\"><\/div>\n                                    <div class=\"aux-icon \">\n                                            <\/div>\n                                <div class=\"aux-text\">\n<span class=\"aux-text-before\">Zapisz si\u0119!<\/span>                <\/div>\n            <\/a>\n            \n    <\/div>\n\n    \t\t\t\t<\/div>\n\t\t\t\t<\/div>\n\t\t\t\t<\/div>\n\t\t<div class=\"elementor-element elementor-element-c3b64bb e-con-full e-flex e-con e-child\" data-id=\"c3b64bb\" data-element_type=\"container\">\n\t\t\t\t<div class=\"elementor-element elementor-element-98c16a6 elementor-widget elementor-widget-text-editor\" data-id=\"98c16a6\" data-element_type=\"widget\" data-widget_type=\"text-editor.default\">\n\t\t\t\t<div class=\"elementor-widget-container\">\n\t\t\t\t\t\t\t\t\t<p><strong>Termin:<\/strong> 24.10.2025 r.<\/p><p><strong>Godzina:<\/strong> 16:30<\/p><p><strong>Miejsce:<\/strong> Spichlerz 57 w Grudzi\u0105dzu<\/p><p><strong>Prowadz\u0105cy:<\/strong> Aleksandra Hegner- Psie teorie<\/p><p><strong>Temat spotkania:<\/strong> &#8222;Obalamy mity \u2013 psychologia zwierz\u0105t w praktyce\u201d\u00a0<\/p><p>Spotkanie stawia na weryfikacj\u0119 popularnych, ale b\u0142\u0119dnych przekona\u0144 o zachowaniu ps\u00f3w i kot\u00f3w. Takie podej\u015bcie jest rzadko\u015bci\u0105 w lokalnej edukacji \u2013 wi\u0119kszo\u015b\u0107 poradnik\u00f3w i warsztat\u00f3w koncentruje si\u0119 albo na teorii, albo na treningu, a tu jest nauka krytycznego my\u015blenia i rozpoznawanie fakt\u00f3w. Warsztaty pokazuj\u0105 zwierz\u0119ta jako istoty czuj\u0105ce z w\u0142asn\u0105 psychik\u0105, ucz\u0105 rozumienia ich perspektywy i budowania relacji opartej na zaufaniu.<\/p>\t\t\t\t\t\t\t\t<\/div>\n\t\t\t\t<\/div>\n\t\t\t\t<\/div>\n\t\t\t\t<\/div>\n\t\t<div id=\"e-n-tab-content-1459240294\" role=\"tabpanel\" aria-labelledby=\"e-n-tab-title-1459240294\" data-tab-index=\"4\" style=\"--n-tabs-title-order: 4;\" class=\" elementor-element elementor-element-c4d623c e-flex e-con-boxed e-con e-child\" data-id=\"c4d623c\" data-element_type=\"container\">\n\t\t\t\t\t<div class=\"e-con-inner\">\n\t\t<div class=\"elementor-element elementor-element-37421d0 e-con-full e-flex e-con e-child\" data-id=\"37421d0\" data-element_type=\"container\">\n\t\t\t\t<div class=\"elementor-element elementor-element-0d4c067 elementor-widget elementor-widget-heading\" data-id=\"0d4c067\" data-element_type=\"widget\" data-widget_type=\"heading.default\">\n\t\t\t\t<div class=\"elementor-widget-container\">\n\t\t\t\t\t<h3 class=\"elementor-heading-title elementor-size-default\">\u201eNieproszeni go\u015bcie: kleszcze, pch\u0142y i choroby, kt\u00f3re przenosz\u0105<\/h3>\t\t\t\t<\/div>\n\t\t\t\t<\/div>\n\t\t\t\t<div class=\"elementor-element elementor-element-b5bd927 elementor-widget elementor-widget-aux_modern_button\" data-id=\"b5bd927\" data-element_type=\"widget\" data-widget_type=\"aux_modern_button.default\">\n\t\t\t\t<div class=\"elementor-widget-container\">\n\t\t\t\t\t    <div class=\"aux-modern-button-wrapper aux-modern-button-align-center\" >\n                    <a class=\"aux-modern-button aux-black aux-modern-button-xl aux-modern-button-curve aux-modern-button-default aux-icon-\" href=\"https:\/\/zgloszenia24.pl\/f\/nieproszeni-goscie-kleszcze-pchly-i-choroby-ktore-przenosza\">\n                <div class=\"aux-overlay\"><\/div>\n                                    <div class=\"aux-icon \">\n                                            <\/div>\n                                <div class=\"aux-text\">\n<span class=\"aux-text-before\">Zapisz si\u0119!<\/span>                <\/div>\n            <\/a>\n            \n    <\/div>\n\n    \t\t\t\t<\/div>\n\t\t\t\t<\/div>\n\t\t\t\t<\/div>\n\t\t<div class=\"elementor-element elementor-element-fc893c1 e-con-full e-flex e-con e-child\" data-id=\"fc893c1\" data-element_type=\"container\">\n\t\t\t\t<div class=\"elementor-element elementor-element-d418bd8 elementor-widget elementor-widget-text-editor\" data-id=\"d418bd8\" data-element_type=\"widget\" data-widget_type=\"text-editor.default\">\n\t\t\t\t<div class=\"elementor-widget-container\">\n\t\t\t\t\t\t\t\t\t<p><strong>Termin:<\/strong> 30.10.2025 r.<\/p><p><strong>Godzina:<\/strong> 16:30<\/p><p><strong>Miejsce:<\/strong> Spichlerz 57 w Grudzi\u0105dzu<\/p><p><strong>Prowadz\u0105cy:<\/strong> Agnieszka Stemplowksa-Bonk<\/p><p><strong>Temat spotkania:<\/strong>\u00a0Obalamy mity \u2013 psychologia zwierz\u0105t w praktyce\u201d\u00a0<\/p><p>Spotkanie stawia na weryfikacj\u0119 popularnych, ale b\u0142\u0119dnych przekona\u0144 o zachowaniu ps\u00f3w i kot\u00f3w. Takie podej\u015bcie jest rzadko\u015bci\u0105 w lokalnej edukacji \u2013 wi\u0119kszo\u015b\u0107 poradnik\u00f3w i warsztat\u00f3w koncentruje si\u0119 albo na teorii, albo na treningu, a tu jest nauka krytycznego my\u015blenia i rozpoznawanie fakt\u00f3w. Warsztaty pokazuj\u0105 zwierz\u0119ta jako istoty czuj\u0105ce z w\u0142asn\u0105 psychik\u0105, ucz\u0105 rozumienia ich perspektywy i budowania relacji opartej na zaufaniu.<\/p><p>Warsztat pod patronatem :<\/p>\t\t\t\t\t\t\t\t<\/div>\n\t\t\t\t<\/div>\n\t\t\t\t<div class=\"elementor-element elementor-element-496c7db elementor-widget elementor-widget-image\" data-id=\"496c7db\" data-element_type=\"widget\" data-widget_type=\"image.default\">\n\t\t\t\t<div class=\"elementor-widget-container\">\n\t\t\t\t\t\t\t\t\t\t\t\t\t\t\t<img decoding=\"async\" src=\"https:\/\/kursnapsa.kliford.org.pl\/wp-content\/uploads\/2025\/10\/logo-2511.png\" title=\"logo-2511\" alt=\"logo-2511\" loading=\"lazy\" \/>\t\t\t\t\t\t\t\t\t\t\t\t\t\t\t<\/div>\n\t\t\t\t<\/div>\n\t\t\t\t<\/div>\n\t\t\t\t\t<\/div>\n\t\t\t\t<\/div>\n\t\t\t\t\t<\/div>\n\t\t<\/div>\n\t\t\t\t\t\t<\/div>\n\t\t\t\t<\/div>\n\t\t\t\t\t<\/div>\n\t\t\t\t<\/div>\n\t\t<div class=\"aux-parallax-section elementor-element elementor-element-c5cb981 e-flex e-con-boxed e-con e-parent\" data-id=\"c5cb981\" data-element_type=\"container\">\n\t\t\t\t\t<div class=\"e-con-inner\">\n\t\t\t\t<div class=\"elementor-element elementor-element-c57858b elementor-widget elementor-widget-heading\" data-id=\"c57858b\" data-element_type=\"widget\" data-widget_type=\"heading.default\">\n\t\t\t\t<div class=\"elementor-widget-container\">\n\t\t\t\t\t<h2 class=\"elementor-heading-title elementor-size-default\">Warsztaty odbywaj\u0105 si\u0119 dzi\u0119ki:<\/h2>\t\t\t\t<\/div>\n\t\t\t\t<\/div>\n\t\t\t\t<div class=\"elementor-element elementor-element-16992e1 elementor-widget elementor-widget-text-editor\" data-id=\"16992e1\" data-element_type=\"widget\" data-widget_type=\"text-editor.default\">\n\t\t\t\t<div class=\"elementor-widget-container\">\n\t\t\t\t\t\t\t\t\t<p>Projekt realizowany jest dzi\u0119ki Funduszowi Mikrogrant\u00f3w, dofinansowany ze \u015brodk\u00f3w Gminy-Miasto Grudzi\u0105dz i realizowany we wsp\u00f3\u0142pracy z Fundacj\u0105 Studio M6 oraz Spichlerz 57<\/p>\t\t\t\t\t\t\t\t<\/div>\n\t\t\t\t<\/div>\n\t\t\t\t\t<\/div>\n\t\t\t\t<\/div>\n\t\t<div class=\"aux-parallax-section elementor-element elementor-element-20ba8b9 e-grid e-con-boxed e-con e-parent\" data-id=\"20ba8b9\" data-element_type=\"container\">\n\t\t\t\t\t<div class=\"e-con-inner\">\n\t\t\t\t<div class=\"elementor-element elementor-element-b2dd786 elementor-widget elementor-widget-image\" data-id=\"b2dd786\" data-element_type=\"widget\" data-widget_type=\"image.default\">\n\t\t\t\t<div class=\"elementor-widget-container\">\n\t\t\t\t\t\t\t\t\t\t\t\t\t\t\t\t<a href=\"https:\/\/grudziadz.pl\">\n\t\t\t\t\t\t\t<img decoding=\"async\" src=\"https:\/\/kursnapsa.kliford.org.pl\/wp-content\/uploads\/2025\/10\/LOGO_RGB_na_ekrany_bez_tla_dofinansowanie_2-2.png\" title=\"LOGO_RGB_na_ekrany_bez_tla_dofinansowanie_2 (2)\" alt=\"LOGO_RGB_na_ekrany_bez_tla_dofinansowanie_2 (2)\" loading=\"lazy\" \/>\t\t\t\t\t\t\t\t<\/a>\n\t\t\t\t\t\t\t\t\t\t\t\t\t\t\t<\/div>\n\t\t\t\t<\/div>\n\t\t\t\t<div class=\"elementor-element elementor-element-030a784 elementor-widget elementor-widget-image\" data-id=\"030a784\" data-element_type=\"widget\" data-widget_type=\"image.default\">\n\t\t\t\t<div class=\"elementor-widget-container\">\n\t\t\t\t\t\t\t\t\t\t\t\t\t\t\t\t<a href=\"https:\/\/spichlerz57.pl\">\n\t\t\t\t\t\t\t<img fetchpriority=\"high\" decoding=\"async\" width=\"300\" height=\"300\" src=\"https:\/\/kursnapsa.kliford.org.pl\/wp-content\/uploads\/2025\/10\/Logo-Spichlerz-57-achromat-300x300.png\" class=\"attachment-medium size-medium wp-image-583\" alt=\"\" srcset=\"https:\/\/kursnapsa.kliford.org.pl\/wp-content\/uploads\/2025\/10\/Logo-Spichlerz-57-achromat-300x300.png 300w, https:\/\/kursnapsa.kliford.org.pl\/wp-content\/uploads\/2025\/10\/Logo-Spichlerz-57-achromat-1024x1024.png 1024w, https:\/\/kursnapsa.kliford.org.pl\/wp-content\/uploads\/2025\/10\/Logo-Spichlerz-57-achromat-150x150.png 150w, https:\/\/kursnapsa.kliford.org.pl\/wp-content\/uploads\/2025\/10\/Logo-Spichlerz-57-achromat-768x768.png 768w\" sizes=\"(max-width: 300px) 100vw, 300px\" \/>\t\t\t\t\t\t\t\t<\/a>\n\t\t\t\t\t\t\t\t\t\t\t\t\t\t\t<\/div>\n\t\t\t\t<\/div>\n\t\t\t\t<div class=\"elementor-element elementor-element-e0b9bc5 elementor-widget elementor-widget-image\" data-id=\"e0b9bc5\" data-element_type=\"widget\" data-widget_type=\"image.default\">\n\t\t\t\t<div class=\"elementor-widget-container\">\n\t\t\t\t\t\t\t\t\t\t\t\t\t\t\t\t<a href=\"https:\/\/www.studiom6.pl\">\n\t\t\t\t\t\t\t<img decoding=\"async\" width=\"537\" height=\"188\" src=\"https:\/\/kursnapsa.kliford.org.pl\/wp-content\/uploads\/2025\/10\/Logo-Fundacja-czarne-1.png\" class=\"attachment-large size-large wp-image-584\" alt=\"\" srcset=\"https:\/\/kursnapsa.kliford.org.pl\/wp-content\/uploads\/2025\/10\/Logo-Fundacja-czarne-1.png 537w, https:\/\/kursnapsa.kliford.org.pl\/wp-content\/uploads\/2025\/10\/Logo-Fundacja-czarne-1-200x70.png 200w\" sizes=\"(max-width: 537px) 100vw, 537px\" \/>\t\t\t\t\t\t\t\t<\/a>\n\t\t\t\t\t\t\t\t\t\t\t\t\t\t\t<\/div>\n\t\t\t\t<\/div>\n\t\t\t\t\t<\/div>\n\t\t\t\t<\/div>\n\t\t\t\t<\/div>\n\t\t","protected":false},"excerpt":{"rendered":"<p>znajd\u017a warsztaty, kt\u00f3re ciebie interesuj\u0105 Zapisy na warsztaty Zapisz si\u0119 na warsztaty ju\u017c teraz, ale pami\u0119taj \u017ceby robi\u0107 to z g\u0142ow\u0105. Ka\u017cde zg\u0142oszenie zajmuje miejsce, wi\u0119c je\u015bli wiesz \u017ce nie b\u0119dziesz w stanie przyj\u015b\u0107 na warsztaty poinformuj nas wysy\u0142aj\u0105c wiadomo\u015b\u0107 na adres: kontakt@kliford.org.pl Wybierz warsztat, kt\u00f3ry ci\u0119 interesuje: Spotkanie na temat Praw zwierz\u0105t Warsztaty z [&hellip;]<\/p>\n","protected":false},"author":1,"featured_media":0,"parent":0,"menu_order":0,"comment_status":"closed","ping_status":"closed","template":"templates\/page-builder-content.php","meta":{"footnotes":""},"class_list":["post-290","page","type-page","status-publish","hentry"],"_links":{"self":[{"href":"https:\/\/kursnapsa.kliford.org.pl\/index.php\/wp-json\/wp\/v2\/pages\/290","targetHints":{"allow":["GET"]}}],"collection":[{"href":"https:\/\/kursnapsa.kliford.org.pl\/index.php\/wp-json\/wp\/v2\/pages"}],"about":[{"href":"https:\/\/kursnapsa.kliford.org.pl\/index.php\/wp-json\/wp\/v2\/types\/page"}],"author":[{"embeddable":true,"href":"https:\/\/kursnapsa.kliford.org.pl\/index.php\/wp-json\/wp\/v2\/users\/1"}],"replies":[{"embeddable":true,"href":"https:\/\/kursnapsa.kliford.org.pl\/index.php\/wp-json\/wp\/v2\/comments?post=290"}],"version-history":[{"count":31,"href":"https:\/\/kursnapsa.kliford.org.pl\/index.php\/wp-json\/wp\/v2\/pages\/290\/revisions"}],"predecessor-version":[{"id":602,"href":"https:\/\/kursnapsa.kliford.org.pl\/index.php\/wp-json\/wp\/v2\/pages\/290\/revisions\/602"}],"wp:attachment":[{"href":"https:\/\/kursnapsa.kliford.org.pl\/index.php\/wp-json\/wp\/v2\/media?parent=290"}],"curies":[{"name":"wp","href":"https:\/\/api.w.org\/{rel}","templated":true}]}}